{"id":1047,"date":"2024-07-02T07:25:01","date_gmt":"2024-07-02T05:25:01","guid":{"rendered":"https:\/\/serwer1840807.home.pl\/autoinstalator\/wordpressplugins1\/?page_id=1047"},"modified":"2025-02-19T13:25:01","modified_gmt":"2025-02-19T12:25:01","slug":"dofinansowanie-eu","status":"publish","type":"page","link":"https:\/\/www.pipesprefabrication.pl\/index.php\/dofinansowanie-eu\/","title":{"rendered":"Dofinansowanie EU"},"content":{"rendered":"\t\t<div data-elementor-type=\"wp-page\" data-elementor-id=\"1047\" class=\"elementor elementor-1047\">\n\t\t\t\t<div class=\"elementor-element elementor-element-398a1cf e-flex e-con-boxed e-con e-parent\" data-id=\"398a1cf\" data-element_type=\"container\" data-settings=\"{&quot;shape_divider_bottom&quot;:&quot;triangle-asymmetrical&quot;,&quot;shape_divider_bottom_negative&quot;:&quot;yes&quot;}\">\n\t\t\t\t\t<div class=\"e-con-inner\">\n\t\t\t\t<div class=\"elementor-shape elementor-shape-bottom\" data-negative=\"true\">\n\t\t\t<svg xmlns=\"http:\/\/www.w3.org\/2000\/svg\" viewBox=\"0 0 1000 100\" preserveAspectRatio=\"none\">\n\t<path class=\"elementor-shape-fill\" d=\"M737.9,94.7L0,0v100h1000V0L737.9,94.7z\"\/>\n<\/svg>\t\t<\/div>\n\t\t<div class=\"elementor-element elementor-element-5799ddb e-con-full e-flex e-con e-child\" data-id=\"5799ddb\" data-element_type=\"container\">\n\t\t\t\t<div class=\"elementor-element elementor-element-9b076a9 elementor-widget elementor-widget-image\" data-id=\"9b076a9\" data-element_type=\"widget\" data-widget_type=\"image.default\">\n\t\t\t\t<div class=\"elementor-widget-container\">\n\t\t\t\t\t\t\t\t\t\t\t\t\t<img fetchpriority=\"high\" decoding=\"async\" width=\"1024\" height=\"146\" src=\"https:\/\/www.pipesprefabrication.pl\/wp-content\/uploads\/2024\/07\/Dofinansowanie-1024x146.jpg\" class=\"attachment-large size-large wp-image-1054\" alt=\"\" srcset=\"https:\/\/www.pipesprefabrication.pl\/wp-content\/uploads\/2024\/07\/Dofinansowanie-1024x146.jpg 1024w, https:\/\/www.pipesprefabrication.pl\/wp-content\/uploads\/2024\/07\/Dofinansowanie-300x43.jpg 300w, https:\/\/www.pipesprefabrication.pl\/wp-content\/uploads\/2024\/07\/Dofinansowanie-768x110.jpg 768w, https:\/\/www.pipesprefabrication.pl\/wp-content\/uploads\/2024\/07\/Dofinansowanie.jpg 1386w\" sizes=\"(max-width: 1024px) 100vw, 1024px\" \/>\t\t\t\t\t\t\t\t\t\t\t\t\t<\/div>\n\t\t\t\t<\/div>\n\t\t\t\t<div class=\"elementor-element elementor-element-2927a0e elementor-widget elementor-widget-text-editor\" data-id=\"2927a0e\" data-element_type=\"widget\" data-widget_type=\"text-editor.default\">\n\t\t\t\t<div class=\"elementor-widget-container\">\n\t\t\t\t\t\t\t<p><strong>DEKK Pipes Prefabrication S.C.&nbsp;<\/strong><span style=\"text-align: var(--text-align); letter-spacing: 0px;\">realizuje projekt:<\/span><\/p>\n<p><strong>\u201eWdro\u017cenie w DEKK Pipes Prefabrication S.C. innowacji w procesie technologicznym, transportu wewn\u0119trznego i kontroli jako\u015bci\u201d<\/strong><\/p>\n<p>Projekt dotyczy obj\u0119cia kompleksowym wsparciem w procesie transformacji w kierunku Przemys\u0142u 4.0 poprzez automatyzacj\u0119 i robotyzacj\u0119 proces\u00f3w produkcyjnych tj. procesu technologicznego, transportu wewn\u0119trznego i kontroli jako\u015bci Przedsi\u0119biorstwa DEKK Pipes Prefabrication S.C., co prze\u0142o\u017cy si\u0119 bezpo\u015brednio na wdro\u017cenie innowacji produktowej w skali przedsi\u0119biorstwa tj. system\u00f3w sprinklerowych.<\/p>\n<p><strong>Zadania w ramach projektu:<\/strong><\/p>\n<ol>\n<li>Przeprowadzenie audytu technologicznego wraz z diagnoz\u0105 dojrza\u0142o\u015bci cyfrowej i przygotowanie mapy drogowej<\/li>\n<li>Nabycie i instalacja \u015brodka trwa\u0142ego &#8211; zrobotyzowanego stanowiska spawalniczego do spawania sprinkler system\u00f3w<\/li>\n<\/ol>\n<p><strong>Grupa docelowa:<\/strong><\/p>\n<p>Odbiorcy produkt\u00f3w tj. prefabrykowanych ruroci\u0105g\u00f3w, szczeg\u00f3lnie w zakresie system\u00f3w przeciwpo\u017carowych, zgodnie z podstawowym kodem dzia\u0142alno\u015bci.<\/p>\n<p>Nadrz\u0119dnym celem projektu jest uzyskanie doskona\u0142ej jako\u015bci wyrob\u00f3w, co umo\u017cliwia z kolei oferowanie wysokiej jako\u015bci towar\u00f3w i us\u0142ug wszystkim jej kontrahentom. Drugim celem, wynikaj\u0105cej z przemys\u0142owego charakteru dzia\u0142alno\u015bci, jest osi\u0105gni\u0119cie jak najwi\u0119kszego stopnia efektywno\u015bci \u2013 zar\u00f3wno kosztowej, jak i materia\u0142owej.<\/p>\n<p><strong>Warto\u015b\u0107 Projektu:<\/strong> 7 092 180,00 PLN<\/p>\n<p><strong>Wysoko\u015b\u0107 wk\u0142adu Funduszy Europejskich:<\/strong> 3&nbsp;000&nbsp;000,00 PLN<\/p>\n<p>#FunduszeUE #FunduszeEuropejskie;<\/p>\t\t\t\t\t\t<\/div>\n\t\t\t\t<\/div>\n\t\t\t\t<\/div>\n\t\t\t\t\t<\/div>\n\t\t\t\t<\/div>\n\t\t<div class=\"elementor-element elementor-element-64da1c3 e-flex e-con-boxed e-con e-parent\" data-id=\"64da1c3\" data-element_type=\"container\">\n\t\t\t\t\t<div class=\"e-con-inner\">\n\t\t\t\t<div class=\"elementor-element elementor-element-c46741b elementor-widget elementor-widget-image\" data-id=\"c46741b\" data-element_type=\"widget\" data-widget_type=\"image.default\">\n\t\t\t\t<div class=\"elementor-widget-container\">\n\t\t\t\t\t\t\t\t\t\t\t\t\t<img decoding=\"async\" width=\"1024\" height=\"510\" src=\"https:\/\/www.pipesprefabrication.pl\/wp-content\/uploads\/2024\/06\/Zrzut-ekranu-2024-06-20-101701-1024x510.png\" class=\"attachment-large size-large wp-image-1028\" alt=\"\" srcset=\"https:\/\/www.pipesprefabrication.pl\/wp-content\/uploads\/2024\/06\/Zrzut-ekranu-2024-06-20-101701-1024x510.png 1024w, https:\/\/www.pipesprefabrication.pl\/wp-content\/uploads\/2024\/06\/Zrzut-ekranu-2024-06-20-101701-300x149.png 300w, https:\/\/www.pipesprefabrication.pl\/wp-content\/uploads\/2024\/06\/Zrzut-ekranu-2024-06-20-101701-768x383.png 768w, https:\/\/www.pipesprefabrication.pl\/wp-content\/uploads\/2024\/06\/Zrzut-ekranu-2024-06-20-101701.png 1170w\" sizes=\"(max-width: 1024px) 100vw, 1024px\" \/>\t\t\t\t\t\t\t\t\t\t\t\t\t<\/div>\n\t\t\t\t<\/div>\n\t\t\t\t\t<\/div>\n\t\t\t\t<\/div>\n\t\t\t\t<\/div>\n\t\t","protected":false},"excerpt":{"rendered":"<p>DEKK Pipes Prefabrication S.C.&nbsp;realizuje projekt: \u201eWdro\u017cenie w DEKK Pipes Prefabrication S.C. innowacji w procesie technologicznym, transportu wewn\u0119trznego i kontroli jako\u015bci\u201d Projekt dotyczy obj\u0119cia kompleksowym wsparciem w procesie transformacji w kierunku Przemys\u0142u 4.0 poprzez automatyzacj\u0119 i&hellip;<\/p>\n","protected":false},"author":1,"featured_media":163,"parent":0,"menu_order":0,"comment_status":"closed","ping_status":"closed","template":"template-parts\/template-page-builders.php","meta":{"footnotes":""},"class_list":["post-1047","page","type-page","status-publish","has-post-thumbnail","hentry"],"yoast_head":"<!-- This site is optimized with the Yoast SEO plugin v23.5 - https:\/\/yoast.com\/wordpress\/plugins\/seo\/ -->\n<title>Dofinansowanie EU - DEKK Pipes Prefabrication S.C.<\/title>\n<meta name=\"description\" content=\"W ramach prefabrykacja ruroci\u0105g\u00f3w oferujemy spawanie, obr\u00f3bk\u0119 ruroci\u0105g\u00f3w i malowanie proszkowe. Przygotowujemy elementy ruroci\u0105g\u00f3w o r\u00f3\u017cnych \u015brednicach oraz grubo\u015bciach \u015bcianek. Korzystamy z komponent\u00f3w renomowanych firm, prefabrykowany ruroci\u0105gi oczyszczamy mechanicznie oraz zabezpieczamy przed korozj\u0105 za pomoc\u0105 malowania proszkowego.\" \/>\n<meta name=\"robots\" content=\"index, follow, max-snippet:-1, max-image-preview:large, max-video-preview:-1\" \/>\n<link rel=\"canonical\" href=\"https:\/\/www.pipesprefabrication.pl\/index.php\/dofinansowanie-eu\/\" \/>\n<meta property=\"og:locale\" content=\"pl_PL\" \/>\n<meta property=\"og:type\" content=\"article\" \/>\n<meta property=\"og:title\" content=\"Dofinansowanie EU - DEKK Pipes Prefabrication S.C.\" \/>\n<meta property=\"og:description\" content=\"W ramach prefabrykacja ruroci\u0105g\u00f3w oferujemy spawanie, obr\u00f3bk\u0119 ruroci\u0105g\u00f3w i malowanie proszkowe. Przygotowujemy elementy ruroci\u0105g\u00f3w o r\u00f3\u017cnych \u015brednicach oraz grubo\u015bciach \u015bcianek. Korzystamy z komponent\u00f3w renomowanych firm, prefabrykowany ruroci\u0105gi oczyszczamy mechanicznie oraz zabezpieczamy przed korozj\u0105 za pomoc\u0105 malowania proszkowego.\" \/>\n<meta property=\"og:url\" content=\"https:\/\/www.pipesprefabrication.pl\/index.php\/dofinansowanie-eu\/\" \/>\n<meta property=\"og:site_name\" content=\"DEKK Pipes Prefabrication S.C.\" \/>\n<meta property=\"article:modified_time\" content=\"2025-02-19T12:25:01+00:00\" \/>\n<meta property=\"og:image\" content=\"https:\/\/www.pipesprefabrication.pl\/wp-content\/uploads\/2024\/05\/cropped-cropped-DEKK_Logo.png\" \/>\n\t<meta property=\"og:image:width\" content=\"144\" \/>\n\t<meta property=\"og:image:height\" content=\"43\" \/>\n\t<meta property=\"og:image:type\" content=\"image\/png\" \/>\n<meta name=\"twitter:card\" content=\"summary_large_image\" \/>\n<meta name=\"twitter:label1\" content=\"Szacowany czas czytania\" \/>\n\t<meta name=\"twitter:data1\" content=\"2 minuty\" \/>\n<script type=\"application\/ld+json\" class=\"yoast-schema-graph\">{\"@context\":\"https:\/\/schema.org\",\"@graph\":[{\"@type\":\"WebPage\",\"@id\":\"https:\/\/www.pipesprefabrication.pl\/index.php\/dofinansowanie-eu\/\",\"url\":\"https:\/\/www.pipesprefabrication.pl\/index.php\/dofinansowanie-eu\/\",\"name\":\"Dofinansowanie EU - DEKK Pipes Prefabrication S.C.\",\"isPartOf\":{\"@id\":\"https:\/\/www.pipesprefabrication.pl\/#website\"},\"primaryImageOfPage\":{\"@id\":\"https:\/\/www.pipesprefabrication.pl\/index.php\/dofinansowanie-eu\/#primaryimage\"},\"image\":{\"@id\":\"https:\/\/www.pipesprefabrication.pl\/index.php\/dofinansowanie-eu\/#primaryimage\"},\"thumbnailUrl\":\"https:\/\/www.pipesprefabrication.pl\/wp-content\/uploads\/2024\/05\/cropped-cropped-DEKK_Logo.png\",\"datePublished\":\"2024-07-02T05:25:01+00:00\",\"dateModified\":\"2025-02-19T12:25:01+00:00\",\"description\":\"W ramach prefabrykacja ruroci\u0105g\u00f3w oferujemy spawanie, obr\u00f3bk\u0119 ruroci\u0105g\u00f3w i malowanie proszkowe. Przygotowujemy elementy ruroci\u0105g\u00f3w o r\u00f3\u017cnych \u015brednicach oraz grubo\u015bciach \u015bcianek. Korzystamy z komponent\u00f3w renomowanych firm, prefabrykowany ruroci\u0105gi oczyszczamy mechanicznie oraz zabezpieczamy przed korozj\u0105 za pomoc\u0105 malowania proszkowego.\",\"breadcrumb\":{\"@id\":\"https:\/\/www.pipesprefabrication.pl\/index.php\/dofinansowanie-eu\/#breadcrumb\"},\"inLanguage\":\"pl-PL\",\"potentialAction\":[{\"@type\":\"ReadAction\",\"target\":[\"https:\/\/www.pipesprefabrication.pl\/index.php\/dofinansowanie-eu\/\"]}]},{\"@type\":\"ImageObject\",\"inLanguage\":\"pl-PL\",\"@id\":\"https:\/\/www.pipesprefabrication.pl\/index.php\/dofinansowanie-eu\/#primaryimage\",\"url\":\"https:\/\/www.pipesprefabrication.pl\/wp-content\/uploads\/2024\/05\/cropped-cropped-DEKK_Logo.png\",\"contentUrl\":\"https:\/\/www.pipesprefabrication.pl\/wp-content\/uploads\/2024\/05\/cropped-cropped-DEKK_Logo.png\",\"width\":144,\"height\":43},{\"@type\":\"BreadcrumbList\",\"@id\":\"https:\/\/www.pipesprefabrication.pl\/index.php\/dofinansowanie-eu\/#breadcrumb\",\"itemListElement\":[{\"@type\":\"ListItem\",\"position\":1,\"name\":\"Home\",\"item\":\"https:\/\/www.pipesprefabrication.pl\/\"},{\"@type\":\"ListItem\",\"position\":2,\"name\":\"Dofinansowanie EU\"}]},{\"@type\":\"WebSite\",\"@id\":\"https:\/\/www.pipesprefabrication.pl\/#website\",\"url\":\"https:\/\/www.pipesprefabrication.pl\/\",\"name\":\"DEKK Pipes Prefabrication S.C.\",\"description\":\"Prefabrykacja instalacji tryskaczowych\",\"publisher\":{\"@id\":\"https:\/\/www.pipesprefabrication.pl\/#organization\"},\"alternateName\":\"DEKKPP\",\"potentialAction\":[{\"@type\":\"SearchAction\",\"target\":{\"@type\":\"EntryPoint\",\"urlTemplate\":\"https:\/\/www.pipesprefabrication.pl\/?s={search_term_string}\"},\"query-input\":{\"@type\":\"PropertyValueSpecification\",\"valueRequired\":true,\"valueName\":\"search_term_string\"}}],\"inLanguage\":\"pl-PL\"},{\"@type\":\"Organization\",\"@id\":\"https:\/\/www.pipesprefabrication.pl\/#organization\",\"name\":\"DEKK Pipes Prefabrication S.C.\",\"url\":\"https:\/\/www.pipesprefabrication.pl\/\",\"logo\":{\"@type\":\"ImageObject\",\"inLanguage\":\"pl-PL\",\"@id\":\"https:\/\/www.pipesprefabrication.pl\/#\/schema\/logo\/image\/\",\"url\":\"https:\/\/www.pipesprefabrication.pl\/wp-content\/uploads\/2024\/05\/cropped-cropped-cropped-DEKK_Logo.png\",\"contentUrl\":\"https:\/\/www.pipesprefabrication.pl\/wp-content\/uploads\/2024\/05\/cropped-cropped-cropped-DEKK_Logo.png\",\"width\":143,\"height\":43,\"caption\":\"DEKK Pipes Prefabrication S.C.\"},\"image\":{\"@id\":\"https:\/\/www.pipesprefabrication.pl\/#\/schema\/logo\/image\/\"},\"sameAs\":[\"https:\/\/www.linkedin.com\/company\/dekk-pipes-prefabrication-s-c\/\"]}]}<\/script>\n<!-- \/ Yoast SEO plugin. -->","yoast_head_json":{"title":"Dofinansowanie EU - DEKK Pipes Prefabrication S.C.","description":"W ramach prefabrykacja ruroci\u0105g\u00f3w oferujemy spawanie, obr\u00f3bk\u0119 ruroci\u0105g\u00f3w i malowanie proszkowe. Przygotowujemy elementy ruroci\u0105g\u00f3w o r\u00f3\u017cnych \u015brednicach oraz grubo\u015bciach \u015bcianek. Korzystamy z komponent\u00f3w renomowanych firm, prefabrykowany ruroci\u0105gi oczyszczamy mechanicznie oraz zabezpieczamy przed korozj\u0105 za pomoc\u0105 malowania proszkowego.","robots":{"index":"index","follow":"follow","max-snippet":"max-snippet:-1","max-image-preview":"max-image-preview:large","max-video-preview":"max-video-preview:-1"},"canonical":"https:\/\/www.pipesprefabrication.pl\/index.php\/dofinansowanie-eu\/","og_locale":"pl_PL","og_type":"article","og_title":"Dofinansowanie EU - DEKK Pipes Prefabrication S.C.","og_description":"W ramach prefabrykacja ruroci\u0105g\u00f3w oferujemy spawanie, obr\u00f3bk\u0119 ruroci\u0105g\u00f3w i malowanie proszkowe. Przygotowujemy elementy ruroci\u0105g\u00f3w o r\u00f3\u017cnych \u015brednicach oraz grubo\u015bciach \u015bcianek. Korzystamy z komponent\u00f3w renomowanych firm, prefabrykowany ruroci\u0105gi oczyszczamy mechanicznie oraz zabezpieczamy przed korozj\u0105 za pomoc\u0105 malowania proszkowego.","og_url":"https:\/\/www.pipesprefabrication.pl\/index.php\/dofinansowanie-eu\/","og_site_name":"DEKK Pipes Prefabrication S.C.","article_modified_time":"2025-02-19T12:25:01+00:00","og_image":[{"width":144,"height":43,"url":"https:\/\/www.pipesprefabrication.pl\/wp-content\/uploads\/2024\/05\/cropped-cropped-DEKK_Logo.png","type":"image\/png"}],"twitter_card":"summary_large_image","twitter_misc":{"Szacowany czas czytania":"2 minuty"},"schema":{"@context":"https:\/\/schema.org","@graph":[{"@type":"WebPage","@id":"https:\/\/www.pipesprefabrication.pl\/index.php\/dofinansowanie-eu\/","url":"https:\/\/www.pipesprefabrication.pl\/index.php\/dofinansowanie-eu\/","name":"Dofinansowanie EU - DEKK Pipes Prefabrication S.C.","isPartOf":{"@id":"https:\/\/www.pipesprefabrication.pl\/#website"},"primaryImageOfPage":{"@id":"https:\/\/www.pipesprefabrication.pl\/index.php\/dofinansowanie-eu\/#primaryimage"},"image":{"@id":"https:\/\/www.pipesprefabrication.pl\/index.php\/dofinansowanie-eu\/#primaryimage"},"thumbnailUrl":"https:\/\/www.pipesprefabrication.pl\/wp-content\/uploads\/2024\/05\/cropped-cropped-DEKK_Logo.png","datePublished":"2024-07-02T05:25:01+00:00","dateModified":"2025-02-19T12:25:01+00:00","description":"W ramach prefabrykacja ruroci\u0105g\u00f3w oferujemy spawanie, obr\u00f3bk\u0119 ruroci\u0105g\u00f3w i malowanie proszkowe. Przygotowujemy elementy ruroci\u0105g\u00f3w o r\u00f3\u017cnych \u015brednicach oraz grubo\u015bciach \u015bcianek. Korzystamy z komponent\u00f3w renomowanych firm, prefabrykowany ruroci\u0105gi oczyszczamy mechanicznie oraz zabezpieczamy przed korozj\u0105 za pomoc\u0105 malowania proszkowego.","breadcrumb":{"@id":"https:\/\/www.pipesprefabrication.pl\/index.php\/dofinansowanie-eu\/#breadcrumb"},"inLanguage":"pl-PL","potentialAction":[{"@type":"ReadAction","target":["https:\/\/www.pipesprefabrication.pl\/index.php\/dofinansowanie-eu\/"]}]},{"@type":"ImageObject","inLanguage":"pl-PL","@id":"https:\/\/www.pipesprefabrication.pl\/index.php\/dofinansowanie-eu\/#primaryimage","url":"https:\/\/www.pipesprefabrication.pl\/wp-content\/uploads\/2024\/05\/cropped-cropped-DEKK_Logo.png","contentUrl":"https:\/\/www.pipesprefabrication.pl\/wp-content\/uploads\/2024\/05\/cropped-cropped-DEKK_Logo.png","width":144,"height":43},{"@type":"BreadcrumbList","@id":"https:\/\/www.pipesprefabrication.pl\/index.php\/dofinansowanie-eu\/#breadcrumb","itemListElement":[{"@type":"ListItem","position":1,"name":"Home","item":"https:\/\/www.pipesprefabrication.pl\/"},{"@type":"ListItem","position":2,"name":"Dofinansowanie EU"}]},{"@type":"WebSite","@id":"https:\/\/www.pipesprefabrication.pl\/#website","url":"https:\/\/www.pipesprefabrication.pl\/","name":"DEKK Pipes Prefabrication S.C.","description":"Prefabrykacja instalacji tryskaczowych","publisher":{"@id":"https:\/\/www.pipesprefabrication.pl\/#organization"},"alternateName":"DEKKPP","potentialAction":[{"@type":"SearchAction","target":{"@type":"EntryPoint","urlTemplate":"https:\/\/www.pipesprefabrication.pl\/?s={search_term_string}"},"query-input":{"@type":"PropertyValueSpecification","valueRequired":true,"valueName":"search_term_string"}}],"inLanguage":"pl-PL"},{"@type":"Organization","@id":"https:\/\/www.pipesprefabrication.pl\/#organization","name":"DEKK Pipes Prefabrication S.C.","url":"https:\/\/www.pipesprefabrication.pl\/","logo":{"@type":"ImageObject","inLanguage":"pl-PL","@id":"https:\/\/www.pipesprefabrication.pl\/#\/schema\/logo\/image\/","url":"https:\/\/www.pipesprefabrication.pl\/wp-content\/uploads\/2024\/05\/cropped-cropped-cropped-DEKK_Logo.png","contentUrl":"https:\/\/www.pipesprefabrication.pl\/wp-content\/uploads\/2024\/05\/cropped-cropped-cropped-DEKK_Logo.png","width":143,"height":43,"caption":"DEKK Pipes Prefabrication S.C."},"image":{"@id":"https:\/\/www.pipesprefabrication.pl\/#\/schema\/logo\/image\/"},"sameAs":["https:\/\/www.linkedin.com\/company\/dekk-pipes-prefabrication-s-c\/"]}]}},"_links":{"self":[{"href":"https:\/\/www.pipesprefabrication.pl\/index.php\/wp-json\/wp\/v2\/pages\/1047","targetHints":{"allow":["GET"]}}],"collection":[{"href":"https:\/\/www.pipesprefabrication.pl\/index.php\/wp-json\/wp\/v2\/pages"}],"about":[{"href":"https:\/\/www.pipesprefabrication.pl\/index.php\/wp-json\/wp\/v2\/types\/page"}],"author":[{"embeddable":true,"href":"https:\/\/www.pipesprefabrication.pl\/index.php\/wp-json\/wp\/v2\/users\/1"}],"replies":[{"embeddable":true,"href":"https:\/\/www.pipesprefabrication.pl\/index.php\/wp-json\/wp\/v2\/comments?post=1047"}],"version-history":[{"count":8,"href":"https:\/\/www.pipesprefabrication.pl\/index.php\/wp-json\/wp\/v2\/pages\/1047\/revisions"}],"predecessor-version":[{"id":1127,"href":"https:\/\/www.pipesprefabrication.pl\/index.php\/wp-json\/wp\/v2\/pages\/1047\/revisions\/1127"}],"wp:featuredmedia":[{"embeddable":true,"href":"https:\/\/www.pipesprefabrication.pl\/index.php\/wp-json\/wp\/v2\/media\/163"}],"wp:attachment":[{"href":"https:\/\/www.pipesprefabrication.pl\/index.php\/wp-json\/wp\/v2\/media?parent=1047"}],"curies":[{"name":"wp","href":"https:\/\/api.w.org\/{rel}","templated":true}]}}